e u*a - 54 = 86. What is the remainder when 57 is divided by a?
17
Let w(c) = -c + 7. Let o be w(5). Let z be 74/8 - ((-35)/20 + o). Calculate the remainder when (-1006)/(-9) - (-2)/z is divided by 23.
20
Let k(o) = -o**2 + 15*o + 79. Let d be k(16). What is the remainder when 1279/7 + (108/d)/6 is divided by 27?
21
Suppose -1509 = -5*t + j, -t - 6*j + 297 = -5*j. Let r = 337 - t. Calculate the remainder when r is divided by 10.
6
Suppose 1332 = 5*l - 4*l. Suppose 22*h = -14*h + l. What is the remainder when 103 is divided by h?
29
Suppose 0 = 3*c + 5*c. Suppose c = -5*y - 30 + 180. Suppose y = 4*b + b. Calculate the remainder when b is divided by 2.
0
Let o = 1 - -19. Suppose -12 = v - o. Suppose -29 = -3*n + 5*z, 145 = -n - z + 152. What is the remainder when n is divided by v?
0
Let p(y) = -y**3 - 10*y**2 + 304*y - 5. Calculate the remainder when 179 is divided by p(13).
59
Let k(w) = w**3 - 21*w**2 + 135*w - 2188. What is the remainder when 3807 is divided by k(20)?
111
Let i(s) = 3*s**2 - 19*s - 6. Suppose -4*t - 34 = -2*d, -3*d + 5*t = -d - 38. What is the remainder when 255 is divided by i(d)?
57
Suppose 0 = 15*q - 12*q + 462. What is the remainder when (132/q)/((-2)/91) is divided by 30?
9
Suppose 7*d = 74 + 10. Calculate the remainder when ((-7)/5 + -1)*80/(-6) is divided by d.
8
Suppose 20735*b + 9412 = 20751*b + 2788. Calculate the remainder when b is divided by 147.
120
What is the remainder when 466 is divided by -32*(-13 - (-122)/16)?
122
Let l = -109 + 192. Let v = l - 65. What is the remainder when 123 is divided by v?
15
Let g = 1017 - 886. Let n(f) = -f**2 + 12*f - 1. What is the remainder when g is divided by n(7)?
29
Let s be (-2)/5 - (-3324)/60. Let p = s - 15. What is the remainder when 146 is divided by 590/p + (-2)/(-8)?
11
Suppose -4*j = 2*h + 2, 16 = -j - 3*h + 3. Suppose 168*s = 170*s + i - 25, -5*s = -i - 80. What is the remainder when s is divided by j?
1
Suppose 0 = -5*c - 5*i + 10, 2*c + 3*i - 2 = -3. Calculate the remainder when 182 + (c - (-4 - -6)) is divided by 19.
16
Let s(p) = p**2 + 24*p + 4. Let f be s(-24). Suppose -f*m + c + 447 = -313, 4*c = 2*m - 394. Calculate the remainder when m is divided by 32.
29
Let k = -4153 + 4206. Calculate the remainder when k is divided by 11.
9
Let x(b) = -b**2 + 13*b. Suppose -10 = -j + 3. Let k be x(j). Let a(u) = -4*u + 25. Calculate the remainder when 46 is divided by a(k).
21
Suppose -7*t + 83 = 69. Suppose t*o - 2*r + 57 = 159, -3*o - 3*r = -141. What is the remainder when o is divided by 35?
14
Let m = -113 + 157. Let j = m - -8. Suppose -u = -3*v - 6, -2*v + j = u + 3*u. Calculate the remainder when 58 is divided by u.
10
Suppose 6*f + f = -6*f + 8502. Calculate the remainder when f is divided by 27.
6
Let s be (4*-24)/((-134)/(-68) - 2). What is the remainder when 236 is divided by 8/10 - s/(-170)?
16
Suppose -4*b + 474 = -14. Let l = b - -125. Calculate the remainder when l/7 + 4/(-14) is divided by 19.
16
What is the remainder when 4/8*(-4)/(-18) - 208614/(-378) is divided by 267?
18
Suppose -116 = -3*m + 2*n, 4*n = -2*m + 6*n + 76. Suppose -c = c - 20. Let z = c - 3. Calculate the remainder when m is divided by z.
5
Let b = 2906 + -2848. Let w = 486 - 259. Calculate the remainder when w is divided by b.
53
Calculate the remainder when 412 is divided by (11/(-3))/((-59)/177).
5
Let g = -53 - -107. Suppose -162*k - g = -168*k. Calculate the remainder when 6*7 - (-2 + 0) is divided by k.
8
Let f(s) = -758*s - 361. What is the remainder when f(-12) is divided by 42?
41
Let s = -18486 - -28675. What is the remainder when s is divided by 112?
109
Let a(f) = 2*f**2 + 15*f + 20. Let b(s) = 22*s**2 - 6*s + 1. Calculate the remainder when b(1) is divided by a(-6).
1
Let r be (-130)/8 + (-2)/(-8). Let h = -6 - r. Suppose -2*n - 5*o + 10 = -n, -o = -n + 16. Calculate the remainder when n is divided by h.
5
Let n be -3 + 2 - (-62)/(-1). Let r = 95 + n. Let l(z) = -65*z**2 + 979*z + 32. What is the remainder when l(15) is divided by r?
28
Suppose 25 = 24*k + 17 - 40. Calculate the remainder when 347 is divided by k.
1
Let n be ((-14)/(-7)*1)/(1/(-5)). Let o(b) = 3*b**2 + b - 16. Let l be o(-12). What is the remainder when (n/(-7))/5 + l/7 is divided by 16?
10
Let k be -1*(-18)/(-24) - (-43)/4. Let u(r) = 25*r - 24. What is the remainder when u(k) is divided by 76?
74
Let v be -3 - (-7 + -385 + 2). Let x = -341 + v. What is the remainder when 218 is divided by x?
34
Let v = -2732 - -2737. What is the remainder when 63 is divided by v?
3
Let c(t) = -35*t + 1. Let n(h) = 35*h - 1. Let w(j) = 6*c(j) + 5*n(j). Let q be w(-1). Suppose 45 = o - q. What is the remainder when o is divided by 28?
25
What is the remainder when ((-24)/(-20))/(27 + -22 + 1846/(-370)) is divided by 57?
54
Suppose 54*q = 21*q - 71*q + 14248. What is the remainder when 12740 is divided by q?
136
Suppose 6*r - 17*r = -209. What is the remainder when (-234 - -232) + r/2*4 is divided by 13?
10
Let r(o) = -3*o**2 - 119*o - 145. What is the remainder when 88 is divided by r(-38)?
43
Let q = -54 - -90. Suppose 14*l - 18*l + q = 0. Suppose -3*c - 4*f + l*f + 55 = 0, 4*c - 15 = -5*f. What is the remainder when 68 is divided by c?
8
Let g = 4841 - 4739. Suppose 3*d = -0*d + 105. Suppose 4*u - 49 = d. Calculate the remainder when g is divided by u.
18
Let g = 92 + -90. Suppose g*q - 15*q = -884. Calculate the remainder when q is divided by 1 + ((-280)/4)/(-2).
32
Suppose 101*l - 5905 - 14477 = 22*l. What is the remainder when l is divided by 38?
30
Suppose 5*u - 75 = -s - 299, -3*s = -4*u - 164. Let d = u + 48. Suppose -28 = -3*g - d*a, -4*g + 9 = -2*a + 1. Calculate the remainder when g is divided by 4.
0
Suppose 5*q = -3*o + 2*o + 10, 5*q = -5*o + 90. Calculate the remainder when -5 - (12 - o)/(2/4) is divided by 5.
1
Let l = 383 + -239. Let w be (-320)/l + 2/9. Calculate the remainder when 77 is divided by 1*-3*(w + (-35)/15).
12
Suppose 37*k - 2583 - 451 = 0. Calculate the remainder when 568 is divided by k.
76
Calculate the remainder when 1464 is divided by (-305)/(-2)*(-6)/(-10) - (-10)/(-20).
8
Suppose 0 = 98*f - 102*f + 5*p + 1422, 0 = 4*f - 4*p - 1424. Suppose -308 = -372*j + f*j. Calculate the remainder when 53 is divided by j.
9
Let o(s) = -3*s - 12. Let a be ((-8)/(-10))/(162/(-30) + 5). Let y be (a/(-7) - 0) + 592/(-112). Calculate the remainder when 7 is divided by o(y).
1
Let g(o) = -o**2 - 5*o + 3. Let b be g(-5). Let c(n) = -n**2 - 2*n - 11. Let x be c(-6). What is the remainder when 105 is divided by 21/x*b*-15?
24
Let q be (-6)/(-24) - (-362)/(-8). Let b = -31 - q. Let n(f) = 3*f - 22. Calculate the remainder when n(b) is divided by 12.
8
Let h be (-24)/(-9) - (-2)/(-3). Suppose -114 = h*d - 5*d. Let b(v) = 4*v**3 - 72*v**2 + 112*v + 405. Calculate the remainder when b(16) is divided by d.
35
What is the remainder when (-5474)/(-69) + 9 + 8/3 is divided by 24?
19
Suppose 5*q = -3*y + 391, 4*q + 313 + 219 = 4*y. Calculate the remainder when y is divided by 42.
6
Let j(h) = h**3 + 4*h**2 - 12*h + 6. Let p be j(-6). Let f be 22/(-33) - (-1258)/p. Suppose -11*d + 0*d + f = 0. What is the remainder when 52 is divided by d?
14
Suppose -1267*y + 1274*y = 112. Suppose -2*q = 3*q - 3*a - 154, -3*q = -a - 90. Let p = q - -33. Calculate the remainder when p is divided by y.
14
Let q be (1 - 15) + 4/2. Let v = q + 33. Let i = 3412 - 3406. Calculate the remainder when v is divided by i.
3
Let b(j) = -j**3 - 15*j**2 - 3*j - 31. Let o be b(-11). Let a = -469 - o. Calculate the remainder when 34 is divided by a.
8
Let i(k) = -2*k - 9. Let g be i(0). Calculate the remainder when (-8638)/g + (-4)/(-18) + -1 is divided by 48.
47
Let o = -6542 - -6618. What is the remainder when 1758 is divided by o?
10
Suppose 0 = 3*n + 3*l - 285, n - 97 = -0*n + l. What is the remainder when 357 is divided by n?
69
Suppose -3*m - 2*u = -170, 37*m = 41*m + 5*u - 215. Calculate the remainder when 221 is divided by m.
41
Calculate the remainder when ((-416)/624)/(6/(-116379)) is divided by 11.
6
Suppose -7*n - 4*x + 122940 + 74318 = 0, 4*x = -5*n + 140894. What is the remainder when n is divided by 15?
12
Let x = -44657 + 44721. What is the remainder when 304 is divided by x?
48
Suppose -394 = -3*v - 130. Calculate the remainder 